{"id":1584,"date":"2023-03-27T09:42:59","date_gmt":"2023-03-27T09:42:59","guid":{"rendered":"https:\/\/www.emadeplast.com\/?post_type=product&#038;p=1584"},"modified":"2023-03-27T12:09:58","modified_gmt":"2023-03-27T12:09:58","slug":"piso-plastico-industrial","status":"publish","type":"product","link":"https:\/\/www.emadeplast.com\/index.php\/producto\/piso-plastico-industrial\/","title":{"rendered":"PISO PL\u00c1STICO INDUSTRIAL"},"content":{"rendered":"","protected":false},"excerpt":{"rendered":"<ul>\n<li>\n<p class=\"p1\">Producto fabricado en Polipropileno (postindustrial), con una capacidad est\u00e1tica de 500 kilos.<\/p>\n<p class=\"p1\"><b>DIMENSIONES:<br \/>\n<\/b><b>Largo:\u00a0<\/b>60 cm<br \/>\n<b>Ancho:\u00a0<\/b>60 cm<br \/>\n<b>Alto:\u00a0<\/b>2.5 cm<\/p>\n<p class=\"p1\"><b>PESO:<br \/>\n<\/b>2100 Gramos<\/p>\n<p class=\"p1\"><b>CAPACIDAD:<br \/>\n<\/b>500 kilos<\/p>\n<p class=\"p1\"><b>ESPECIFICACIONES:<\/b><\/p>\n<ul class=\"ul1\">\n<li class=\"li1\">Polipropileno con protecci\u00f3n UV.<\/li>\n<li class=\"li1\">Alta resistencia al impacto y a las tensiones.<\/li>\n<li class=\"li1\">Antideslizante aun con agua.<\/li>\n<li class=\"li1\">Antiest\u00e1tico.<\/li>\n<li class=\"li1\">Diel\u00e9ctrico (No es conductor el\u00e9ctrico).<\/li>\n<li class=\"li1\">Soporta la intemperie y las altas temperaturas.<\/li>\n<li class=\"li1\">Durabilidad y seguridad.<\/li>\n<li class=\"li1\">No requieren control de plagas debido a que no son afectados por las mismas.<\/li>\n<li class=\"li1\">No absorben humedad.<\/li>\n<li class=\"li1\">Cuenta con sistema drenaje.<\/li>\n<li class=\"li1\">Cumplen con normas de calidad en higiene y seguridad industrial.<\/li>\n<li class=\"li1\">Rigidez y resistencia t\u00e9rmica (+70\u00b0 c a \u2013 20\u00b0 c).<\/li>\n<li class=\"li1\">F\u00e1cil de encajar. Pin redondo con cuatro puntos de anclaje.<\/li>\n<li class=\"li1\">Ecol\u00f3gico m\u00ednimo impacto ambiental.<\/li>\n<li class=\"li1\">100% Reutilizable (F\u00e1cil desmonte)<\/li>\n<li class=\"li1\">100% Reciclable.<\/li>\n<\/ul>\n<p class=\"p1\"><b>APLICACI\u00d3N:<br \/>\n<\/b>Esta estiba es utilizada para; terrazas, patios, jardines, furgones, cuartos fr\u00edos, bodegas, piscinas, \u00e1reas de esparcimiento, talleres, oficinas.<\/p>\n<p class=\"p1\"><b>ALMACENAMIETO:<br \/>\n<\/b>Son apilables<\/p>\n<p class=\"p1\"><b>PRESENTACI\u00d3N:<br \/>\n<\/b>Colores primarios o creaci\u00f3n de color a solicitud del cliente.<\/p>\n<\/li>\n<\/ul>\n<p>***Env\u00edo gratis a partir de 100 unidades en Bogot\u00e1. De 1 a 99 unidades el cliente asume el env\u00edo o si est\u00e1 ubicado en Bogot\u00e1, lo puede retirar en nuestra fabrica.<\/p>\n","protected":false},"featured_media":1546,"template":"","meta":{"_et_pb_use_builder":"off","_et_pb_old_content":"","_et_gb_content_width":""},"_links":{"self":[{"href":"https:\/\/www.emadeplast.com\/index.php\/wp-json\/wp\/v2\/product\/1584"}],"collection":[{"href":"https:\/\/www.emadeplast.com\/index.php\/wp-json\/wp\/v2\/product"}],"about":[{"href":"https:\/\/www.emadeplast.com\/index.php\/wp-json\/wp\/v2\/types\/product"}],"wp:featuredmedia":[{"embeddable":true,"href":"https:\/\/www.emadeplast.com\/index.php\/wp-json\/wp\/v2\/media\/1546"}],"wp:attachment":[{"href":"https:\/\/www.emadeplast.com\/index.php\/wp-json\/wp\/v2\/media?parent=1584"}],"curies":[{"name":"wp","href":"https:\/\/api.w.org\/{rel}","templated":true}]}}